{"id":9,"date":"2011-01-14T22:02:00","date_gmt":"2011-01-14T22:02:00","guid":{"rendered":"http:\/\/joelle.conteuse.free.fr\/?page_id=9"},"modified":"2018-01-24T16:40:04","modified_gmt":"2018-01-24T16:40:04","slug":"parcours","status":"publish","type":"page","link":"https:\/\/www.joellepascal.fr\/?page_id=9","title":{"rendered":"Parcours"},"content":{"rendered":"<h4>Je suis n\u00e9e en 1963 dans le Midi de la France.<\/h4>\n<h4>Apr\u00e8s des \u00e9tudes de lettres, je suis devenue biblioth\u00e9caire. J&rsquo;ai d\u00e9couvert l&rsquo;univers des contes et des conteurs&#8230; et je suis tomb\u00e9e dans la marmite !<\/h4>\n<h4>Et \u00a0j&rsquo;ai continu\u00e9 \u00e0 barboter et \u00e0\u00a0 go\u00fbter le bonheur d&rsquo;\u00e9couter et de conter des histoires.<\/h4>\n<h4>En 2004, je rejoins <span style=\"color: #444444;\">La Compagnie des Dix Doigts<\/span> bas\u00e9e \u00e0 Poitiers. Cette compagnie regroupe des artistes venus d&rsquo;horizons tr\u00e8s diff\u00e9rents. J&rsquo;ai cr\u00e9\u00e9, imagin\u00e9, racont\u00e9 en m&rsquo;associant parfois \u00e0 des musiciens, magicien ou d&rsquo;autres conteurs. \u00a0 \u00a0 \u00a0 \u00a0 \u00a0 \u00a0 \u00a0 \u00a0 \u00a0 \u00a0 \u00a0 \u00a0 \u00a0 \u00a0 \u00a0\u00a0 Depuis 2012, <a title=\"la Compagnie O KAZOO\" href=\"http:\/\/o.kazoo.free.fr\">la Compagnie O KAZOO<\/a>, \u00e9galement bas\u00e9e \u00e0 Poitiers, est devenue mon producteur.<\/h4>\n<h4>Je propose \u00e9galement des formations \u00e0 l&rsquo;art de conter aupr\u00e8s de publics tr\u00e8s vari\u00e9s, enfants, adolescents et adultes.<\/h4>\n<p><a href=\"https:\/\/www.joellepascal.fr\/wp-content\/uploads\/2011\/01\/photo-site-91.jpg\" rel=\"lightbox[9]\"><img loading=\"lazy\" class=\"alignleft size-medium wp-image-754\" title=\"photo site 9\" src=\"https:\/\/www.joellepascal.fr\/wp-content\/uploads\/2011\/01\/photo-site-91-300x225.jpg\" alt=\"\" width=\"300\" height=\"225\" srcset=\"https:\/\/www.joellepascal.fr\/wp-content\/uploads\/2011\/01\/photo-site-91-300x225.jpg 300w, https:\/\/www.joellepascal.fr\/wp-content\/uploads\/2011\/01\/photo-site-91.jpg 945w\" sizes=\"(max-width: 300px) 100vw, 300px\" \/><\/a><\/p>\n<p>&nbsp;<\/p>\n<p>&nbsp;<\/p>\n<p style=\"text-align: left;\">\n<p style=\"text-align: left;\"><span style=\"font-size: small;\"><span style=\"font-family: 'Times New Roman', Times, serif;\"><span style=\"line-height: 27px; font-size: medium;\"><br \/>\n<\/span><\/span><\/span><\/p>\n","protected":false},"excerpt":{"rendered":"<p>Je suis n\u00e9e en 1963 dans le Midi de la France. Apr\u00e8s des \u00e9tudes de lettres, je suis devenue biblioth\u00e9caire. J&rsquo;ai d\u00e9couvert l&rsquo;univers des contes et des conteurs&#8230; et je suis tomb\u00e9e dans la marmite ! Et \u00a0j&rsquo;ai continu\u00e9 \u00e0 &hellip; <a href=\"https:\/\/www.joellepascal.fr\/?page_id=9\">Continuer la lecture <span class=\"meta-nav\">&rarr;<\/span><\/a><\/p>\n","protected":false},"author":1,"featured_media":894,"parent":0,"menu_order":1,"comment_status":"closed","ping_status":"closed","template":"onecolumn-page.php","meta":[],"_links":{"self":[{"href":"https:\/\/www.joellepascal.fr\/index.php?rest_route=\/wp\/v2\/pages\/9"}],"collection":[{"href":"https:\/\/www.joellepascal.fr\/index.php?rest_route=\/wp\/v2\/pages"}],"about":[{"href":"https:\/\/www.joellepascal.fr\/index.php?rest_route=\/wp\/v2\/types\/page"}],"author":[{"embeddable":true,"href":"https:\/\/www.joellepascal.fr\/index.php?rest_route=\/wp\/v2\/users\/1"}],"replies":[{"embeddable":true,"href":"https:\/\/www.joellepascal.fr\/index.php?rest_route=%2Fwp%2Fv2%2Fcomments&post=9"}],"version-history":[{"count":27,"href":"https:\/\/www.joellepascal.fr\/index.php?rest_route=\/wp\/v2\/pages\/9\/revisions"}],"predecessor-version":[{"id":935,"href":"https:\/\/www.joellepascal.fr\/index.php?rest_route=\/wp\/v2\/pages\/9\/revisions\/935"}],"wp:featuredmedia":[{"embeddable":true,"href":"https:\/\/www.joellepascal.fr\/index.php?rest_route=\/wp\/v2\/media\/894"}],"wp:attachment":[{"href":"https:\/\/www.joellepascal.fr\/index.php?rest_route=%2Fwp%2Fv2%2Fmedia&parent=9"}],"curies":[{"name":"wp","href":"https:\/\/api.w.org\/{rel}","templated":true}]}}