{"id":133,"date":"2011-01-14T22:03:17","date_gmt":"2011-01-14T22:03:17","guid":{"rendered":"http:\/\/joelle.conteuse.free.fr\/?page_id=11"},"modified":"2014-03-25T12:26:22","modified_gmt":"2014-03-25T12:26:22","slug":"formations","status":"publish","type":"page","link":"https:\/\/www.joellepascal.fr\/?page_id=133","title":{"rendered":"Formation"},"content":{"rendered":"<p>Raconter c&rsquo;est comme\u00a0 se construire un souvenir de ce qui s&rsquo;est pass\u00e9. Toute la personne se trouve engag\u00e9e dans cette aventure de par sa propre histoire, sa sensibilit\u00e9, sa perception du monde.<\/p>\n<p>Raconter c&rsquo;est faire exister pour de vrai des \u00eatres de chair et de sang, des lieux. Le conteur est celui qui a vu et qui fait voir les choses. Tous ses sens sont en \u00e9veil pour nourrir sa parole. Lorsqu&rsquo;il raconte une histoire, lue ou entendue, il invente un chemin nouveau.<\/p>\n<p><span style=\"color: #993366;\"><img loading=\"lazy\" class=\"alignright size-full wp-image-213\" title=\"lune3\" src=\"https:\/\/www.joellepascal.fr\/wp-content\/uploads\/2011\/02\/lune3.jpg\" alt=\"\" width=\"30\" height=\"32\" \/><\/span><\/p>\n<p><img loading=\"lazy\" class=\"alignright size-full wp-image-211\" title=\"lune2\" src=\"https:\/\/www.joellepascal.fr\/wp-content\/uploads\/2011\/02\/lune24.jpg\" alt=\"\" width=\"100\" height=\"105\" \/><\/p>\n","protected":false},"excerpt":{"rendered":"<p>Raconter c&rsquo;est comme\u00a0 se construire un souvenir de ce qui s&rsquo;est pass\u00e9. Toute la personne se trouve engag\u00e9e dans cette aventure de par sa propre histoire, sa sensibilit\u00e9, sa perception du monde. Raconter c&rsquo;est faire exister pour de vrai des &hellip; <a href=\"https:\/\/www.joellepascal.fr\/?page_id=133\">Continuer la lecture <span class=\"meta-nav\">&rarr;<\/span><\/a><\/p>\n","protected":false},"author":1,"featured_media":0,"parent":0,"menu_order":3,"comment_status":"closed","ping_status":"closed","template":"onecolumn-page.php","meta":[],"_links":{"self":[{"href":"https:\/\/www.joellepascal.fr\/index.php?rest_route=\/wp\/v2\/pages\/133"}],"collection":[{"href":"https:\/\/www.joellepascal.fr\/index.php?rest_route=\/wp\/v2\/pages"}],"about":[{"href":"https:\/\/www.joellepascal.fr\/index.php?rest_route=\/wp\/v2\/types\/page"}],"author":[{"embeddable":true,"href":"https:\/\/www.joellepascal.fr\/index.php?rest_route=\/wp\/v2\/users\/1"}],"replies":[{"embeddable":true,"href":"https:\/\/www.joellepascal.fr\/index.php?rest_route=%2Fwp%2Fv2%2Fcomments&post=133"}],"version-history":[{"count":6,"href":"https:\/\/www.joellepascal.fr\/index.php?rest_route=\/wp\/v2\/pages\/133\/revisions"}],"predecessor-version":[{"id":750,"href":"https:\/\/www.joellepascal.fr\/index.php?rest_route=\/wp\/v2\/pages\/133\/revisions\/750"}],"wp:attachment":[{"href":"https:\/\/www.joellepascal.fr\/index.php?rest_route=%2Fwp%2Fv2%2Fmedia&parent=133"}],"curies":[{"name":"wp","href":"https:\/\/api.w.org\/{rel}","templated":true}]}}